ose -z = -81*c + 86*c - 54, 2*z + 22 = 3*c. What is the remainder when 46 is divided by c?
6
Let r = -458 - -465. Suppose 31 = -r*o + 318. Calculate the remainder when 119 is divided by o.
37
Let i(t) = 28*t + 1027. Calculate the remainder when i(-21) is divided by 4.
3
Suppose -52*t + 0*t + 1456 = 0. What is the remainder when 160 is divided by t?
20
Let y be 1873 - (-3 - (1 - 0)). Let l = y + -773. What is the remainder when 101 is divided by l/42 + 6/(-21)?
23
Suppose 104196 + 617748 = 72*y. What is the remainder when y is divided by 34?
31
Suppose -16*r = -81*r + 4209 + 9961. What is the remainder when 735 is divided by r?
81
Suppose -c + 16 = 3*c. Suppose -130*i + 129*i = 300. Calculate the remainder when 21 is divided by c/(-30) - 3640/i.
9
Suppose 2*m = 3*a - 282, -3*m - 74 = -a + 20. Suppose 0 = -5*k + 3*j + 86, 2*j - 8 = 6*j. Calculate the remainder when a is divided by k.
14
Let v = -13122 - -13131. What is the remainder when 1168 is divided by v?
7
Suppose 34*l = 370*l - 10752. What is the remainder when l is divided by 32?
0
Suppose 0 = 11*l + 5*j - 2619 + 893, -l = j - 158. Calculate the remainder when 156 is divided by l.
0
Let l(r) = 23*r**2 + r. Let y = 4 + -3. Suppose -44 = -3*i + 2*h, -4*i - 204 = 3*h - 257. Calculate the remainder when l(y) is divided by i.
10
Let b = 1435 - 396. Calculate the remainder when b is divided by 87.
82
Suppose 0 = u - 5*f - 66, 0*u + 4*f = -3*u + 198. Let q = 175 - 140. Calculate the remainder when u is divided by q*(-2)/(-5) + 3.
15
Suppose o - 20*o + 190 = 0. Let m(s) = 3*s + 46. Calculate the remainder when m(o) is divided by 27.
22
Let b(y) = -23*y**2 - y + 4 + 0*y + 26*y**2. Let g be b(-4). Suppose 129 = 5*r - g. Calculate the remainder when r is divided by 10.
7
Suppose 3*b + 2*l + 420 = -0*l, -5*b = 3*l + 699. Let h = b - -152. Calculate the remainder when 278 is divided by h.
12
Suppose -82416 = 29*t - 131*t. Calculate the remainder when t is divided by 10.
8
Let l(j) be the second derivative of 4*j**4/3 - j**3/3 + 3*j**2/2 - 180*j. Calculate the remainder when 694 is divided by l(1).
14
Suppose 659*h = 747*h - 13112. What is the remainder when 273 is divided by h?
124
Let f = -799 - -953. Let l(x) = -5*x**3 + x**2 + 2. What is the remainder when f is divided by l(-2)?
16
Let r(w) = 2*w**3 - 2*w**2 - 2*w + 2. Calculate the remainder when 59/10 + (-31)/(-310) + 41 + -4 is divided by r(2).
1
Let z(g) = 74*g**2 - 2*g + 2. Let j be z(2). Let c = 438 - j. Let l = -124 + c. What is the remainder when 37 is divided by l?
17
Suppose 4*f - 9*f = -5*l, 0 = 3*l + 5*f + 40. Calculate the remainder when 179 is divided by l/5*-1*20.
19
Suppose -6*r + 4*n = -2*r, -4*r - 3 = -5*n. Suppose -9*c - 17415 = -119*c - 25*c. What is the remainder when c is divided by 33/r*(1 + 2)?
30
Let a(u) = -4*u + 55. Let c be a(14). Calculate the remainder when (c + -8)/((-23)/(-8) + -3) is divided by 40.
32
Let q = 8 + 4. Calculate the remainder when ((-2)/(-1) + (-1508)/232)/(3/(-22)) is divided by q.
9
Let t(m) = -m**3 - 2*m**2 + 13*m + 10. Suppose -3*g - 6 = r, -4*r - 19 = 3*g + 5. Let v = 45 + -25. Calculate the remainder when t(r) is divided by v.
16
Let t = 47 - -23. Calculate the remainder when 277 is divided by t.
67
Suppose 0 = 229*v - 33*v - 1226 - 734. Calculate the remainder when -24*5/(-10) + 3 is divided by v.
5
Let t(j) = 13*j**2 + 3*j - 7. Let k = 72 + -67. Suppose 4*i + 5*s - 22 = 0, -2*s - 6 = -k*s. Calculate the remainder when t(i) is divided by 20.
19
Suppose -2*c + 3*g = 11, 15 = -8*g + 11*g. Suppose 0 = -4*l + 12, c*j - 202 = -2*j + 2*l. What is the remainder when j is divided by 18?
16
Let h(d) be the second derivative of 0 - 27/2*d**2 + 1/2*d**3 + 25*d. What is the remainder when 9 is divided by h(11)?
3
Suppose 19*y + 14 = -24. Calculate the remainder when 4/14 + (608/28 - y) is divided by 15.
9
Let s(m) = -29*m + 159. Suppose 4*a = -15*a + 95. Calculate the remainder when 37 is divided by s(a).
9
Let k = -463 + 465. Suppose -4*c + 18 = -u + 116, -k*c - 274 = -3*u. What is the remainder when u is divided by 32?
26
Suppose 0 = -988*s + 989*s - 5*a - 169, 5*s - 899 = -2*a. Suppose 0 = 2*y - 16 - 20. What is the remainder when s is divided by y?
17
Let j = -204 - -342. Let z = j - 112. Suppose -4*r + 2*r + 14 = 0. What is the remainder when z is divided by r?
5
Let s(p) = p - 33. Let n(l) = 3*l - 64. Let u be n(19). Let d(k) = -2*k + 68. Let v(i) = u*s(i) - 3*d(i). Calculate the remainder when 33 is divided by v(18).
6
Let s = 9 - -41. Let z(h) = -h**2 + 16*h - 26. Let a be z(14). What is the remainder when s is divided by 1*(16 - (a - -1))?
11
Suppose 4*v - 8 = -r + 32, -3*v + 2*r + 30 = 0. Let p = v + -5. Suppose -p*h + 10 = -60. Calculate the remainder when 69 is divided by h.
13
Let o(d) be the first derivative of -d**2 - 26*d + 706. Suppose -4*k - 28 - 32 = 0. What is the remainder when o(k) is divided by 3?
1
Suppose -3*m + 4*s = -20, -6*s + 2*s - 12 = -m. Suppose m*p + 4*u = 120, 5*u = -4*p - 0*p + 122. What is the remainder when 98 is divided by p?
14
Suppose 6*p = 3*j + 4*p - 396, 0 = -p - 3. Let r be 1/(-4) - j/(-8). What is the remainder when 45 is divided by 8/r*-2*-26*1?
19
Let b = -3331 - -3336. Let k be 5 - (1 - 2 - -2). Suppose 0*t - b*m = 2*t - 119, k*m = 5*t - 314. What is the remainder when t is divided by 22?
18
Suppose -352 = 53*u - 72*u - 69*u. Calculate the remainder when 786 is divided by u.
2
Let k(o) = 2*o + 17. Let j be k(-6). Suppose j*p - 18 = -123. Let r = 68 + p. Calculate the remainder when r is divided by 10.
7
Let y = -30 - -57. Let o = 132 + -112. Suppose 3*q + i - o = -0*i, q = i + 4. What is the remainder when y is divided by q?
3
Let o = -29 + 48. Suppose 0 = g - 3*j + 24, 5*j = 3*g + 42 + 10. Let s = o - g. What is the remainder when 138 is divided by s?
26
Let h(l) = -74*l + 32. Suppose -14*c + 96 = -11*c. What is the remainder when h(-3) is divided by c?
30
Let n = 43 - -23. Calculate the remainder when n is divided by (-102)/4*80/(-60).
32
Suppose -114 = -6*v - 90. Calculate the remainder when 5/3 + (-3)/(-9) is divided by (-8 + 1)*v/(-28).
0
Let t = 14403 + -13925. Calculate the remainder when t is divided by 97.
90
Suppose -61 - 229 = -2*c - 4*u, -4*u = 16. Suppose -118 + 28 = -18*d. Suppose -d*a + 267 = -c. Calculate the remainder when a is divided by 29.
26
Let l(f) = f**3 + 2*f**2 - 7*f + 4. Let x be l(-4). Suppose 11*v - 17*v + 540 = x. What is the remainder when 352 is divided by v?
82
Let z be (1 - 2/14)/((-30)/(-140)). Suppose 5*k - 4*v = 785, -z*v = -3*k + 430 + 41. What is the remainder when k is divided by 72?
13
Let p = 87 + -33. Suppose -161*b = -159*b - 62. What is the remainder when p is divided by b?
23
Let y = 5312 - 2616. Calculate the remainder when y is divided by 31.
30
Suppose -1 + 7 = o. Let y(k) = 6 - 6 - 2*k - 2 - 4. Calculate the remainder when o is divided by y(-6).
0
Let t(l) = l**2 + 5*l - 75. Let u be t(-15). Let f be (-5)/2*(-10)/u*6. Suppose -5*q + q = f*y - 40, y = -4. Calculate the remainder when q is divided by 9.
3
Let y(z) = 3*z + 18. Let w(r) = -6*r + 12. Let c be w(3). Let o be y(c). Suppose o = 3*i - 26 - 1. Calculate the remainder when 51 is divided by i.
6
Let c(w) = -65*w**2 + 18*w + 16. Calculate the remainder when c(0) is divided by 13.
3
Suppose 0 = 3*c - r + 1057, c + r = -141 - 210. Let s = 425 + c. Calculate the remainder when s is divided by 29.
15
Suppose 3*y - d - 3531 = 187, -3*y - 3*d = -3750. Calculate the remainder when y is divided by 83.
80
Let b(z) = z**2 + 8*z - 39. Let x be b(-12). Suppose 8*m - x*m = -11. Calculate the remainder when 196 is divided by m.
9
Let m(p) = 2*p + 4. Let b be 40/(-12)*-6 + 1 + -1. What is the remainder when 162 is divided by m(b)?
30
Let u(i) = -5*i**2 + 66*i - 149. Let a(r) = -r**2 + 13*r - 30. Let l(w) = -11*a(w) + 2*u(w). What is the remainder when 47 is divided by l(8)?
7
Let i be 1*(5/5 + 2). Let x(a) = -16*a**3 - a**2. Calculate the remainder when 3870/135 + ((-1)/i)/(-1) is divided by x(-1).
14
Let w(h) = 50*h**2 - 8*h - 13. Let g be w(-2). Suppose 4*c - g = -199. Calculate the remainder when -6*(2 + 10/(-4)) is divided by c.
0
Let p(u) = -2*u + 12. Let l be p(7). Let n(h) = 4*h**3 + h**2 - 8*h + 6. Let r be n(1). Calculate the remainder when (l/(-3))/(4/42)*r